hat are the prime factors of r?
2
Let p(g) = 15*g**2 + 4*g + 2. Let a(l) = -7*l**2 - 2*l - 1. Let m(t) = -13*a(t) - 6*p(t). Let w be m(-2). List the prime factors of (w - -1)*280/16.
5, 7
Let f(v) = -v**3 - 3*v**2 - v - 4. Let m be f(-3). Let s be ((-4)/8)/((-2)/12). List the prime factors of (s - (2 - m)) + 11.
11
Suppose 4*m - 5*m + 4*k + 88 = 0, -4*k = -5*m + 456. Suppose 2 = -2*n + 100. Let g = m - n. List the prime factors of g.
43
Suppose 642 = -46*r + 49*r. What are the prime factors of r?
2, 107
Let m(w) = w**3 + 4*w**2 - 8*w + 5. List the prime factors of m(4).
101
Suppose -f + 341 = -840. What are the prime factors of f?
1181
Let a = 307 + -195. List the prime factors of a.
2, 7
List the prime factors of (8175/(-90))/((1 + -3)/12).
5, 109
Let g = -2273 - -3771. What are the prime factors of g?
2, 7, 107
Let b = 89 + 307. What are the prime factors of b?
2, 3, 11
Let c(w) = w**3 - 3*w**2 - w - 2. Let y be c(4). Let r(j) = -j**3 + 11*j**2 - 3*j - 15. What are the prime factors of r(y)?
5, 11
Suppose 24*c + 1247 = 25*c. What are the prime factors of c?
29, 43
Suppose 4*w - 20 = 0, -h - 5*w = 2*h - 34. Suppose 0*m + 6 = h*m, 2*q - 4*m = 30. Let u = q - -44. List the prime factors of u.
3, 7
Let x be 6 - 2 - (2 + -2). Suppose 3*p = -0*r + 5*r - 241, 138 = 3*r - x*p. What are the prime factors of r?
2, 5
Suppose 3*z = 3*a + 1317, -4*a - 456 = 3*z + 1286. Let c = -290 - a. List the prime factors of c.
3, 7
Let l = -640 + 1136. List the prime factors of l.
2, 31
Let q(p) = 2*p**2 + 15*p + 1. Let k(d) = d**2 + 8*d. Suppose -5*y + 7*y + 10 = 0. Let o(w) = y*k(w) + 3*q(w). What are the prime factors of o(-6)?
3
Let p = 20 - 10. Let j(z) = 74*z + 29. Let o be j(-7). List the prime factors of 4/p + o/(-15).
3, 11
Let l(r) = 3*r**2 + 7*r + 7. Suppose 0 = -48*y + 45*y - 30. What are the prime factors of l(y)?
3, 79
Suppose 3*h - 2*x = 0, 4 + 8 = 4*x. Suppose 18 - 336 = -h*m. List the prime factors of m.
3, 53
Let n = 40 - 31. Suppose -6*s + n = -3. Suppose -50 = -2*w - s. List the prime factors of w.
2, 3
Let k(i) be the third derivative of i**7/840 - i**6/40 + i**4/4 - i**3/6 - i**2. Let s(u) be the first derivative of k(u). List the prime factors of s(9).
2, 3
Let u(b) = b**3 - 2*b**2 + 2*b. Let x be u(0). Suppose x = 5*c - 217 - 28. What are the prime factors of c?
7
Let t(j) = j - 5. Let i be t(5). Suppose -c + 79 = -i. What are the prime factors of c?
79
Let y(z) = z**3 + 10*z**2 + 8*z + 12. Suppose 0 = 5*i - 14 - 6. Let k be 9/(2 - -1 - i). What are the prime factors of y(k)?
3, 7
Suppose -212 - 483 = -5*o. Suppose 4 = -5*d + o. What are the prime factors of d?
3
Suppose -2*x - 7 + 15 = 0. Let a = x + -2. Suppose a*j - o = j + 15, -5*j = -4*o - 80. List the prime factors of j.
2, 5
Let v(b) = b**3 - 12*b**2 + 10*b + 15. Let l be v(11). Suppose -l*o + 24 = 5*i, -6*i + i + 15 = -5*o. List the prime factors of 2 + -3 + i + 6.
3
Suppose -3*i + 7*i = 0. Let x be (2 - 0)*(4 + i). Suppose -4*b + x = -8. List the prime factors of b.
2
Let g(m) = -m**3 + 20*m**2 - 33*m + 19. What are the prime factors of g(14)?
733
List the prime factors of ((-34)/(-5))/((-5)/(-250)).
2, 5, 17
Suppose -4*j - 8 = -20. Suppose j*l - 221 = 10. List the prime factors of l.
7, 11
Suppose 2*b = 7*b - 290. Suppose 2*d + b = 222. What are the prime factors of d?
2, 41
Let u(t) = t + 5. Let s(l) = 2*l + 10. Let g(a) = -4*s(a) + 10*u(a). Suppose -5*p = 2*k - 20, -6*p + 33 = 5*k - 2*p. What are the prime factors of g(k)?
2, 5
Let t = 277 + 33. What are the prime factors of t?
2, 5, 31
Let i(u) = -38*u - 16. Let b(v) = 12*v + 5. Let k(q) = -20*b(q) - 6*i(q). Let j = -6 - -4. What are the prime factors of k(j)?
2, 5
Let n(w) be the second derivative of w**7/315 + w**6/180 + w**5/40 + w**4/3 - 4*w. Let x(p) be the third derivative of n(p). List the prime factors of x(-2).
3
Let t(b) = 326*b - 24. List the prime factors of t(6).
2, 3, 7, 23
Let q(c) = 1. Let s(f) = f**3 + 5*f**2 - 5*f + 9. Let a(z) = -6*q(z) + s(z). Let k be a(-6). What are the prime factors of 1 - (-3 + -20) - k?
3
Let l be (2 + 2)/(10 + -8). Suppose l*m - 2*b + 0*b - 546 = 0, -4*m = -5*b - 1089. List the prime factors of m.
2, 3, 23
Suppose 2*b - 8 = 16. Suppose w + b = -w. List the prime factors of (16/w + 3)*87.
29
Suppose 5*d = 4*k + 55, 5*k - 3*k - 2*d + 26 = 0. Let q be (148/12)/(1/(-3)). Let l = k - q. What are the prime factors of l?
3
Suppose 27 - 300 = -3*g - 3*k, -g - 4*k + 106 = 0. List the prime factors of g.
2, 43
Suppose k + 13 = 16, -5*l - 4*k + 5427 = 0. What are the prime factors of l?
3, 19
Let g(x) = x**2 + 9*x - 6. Let k(l) = -l**2 - 8*l + 5. Let o(u) = 5*g(u) + 6*k(u). Suppose 1 + 1 = -m. What are the prime factors of o(m)?
2
Suppose -1103 = 5*b + 4*u - 4358, 5*b + u - 3270 = 0. List the prime factors of b.
5, 131
Let m = 6384 - 4390. List the prime factors of m.
2, 997
Suppose 19*y = 30517 + 63191. What are the prime factors of y?
2, 3, 137
Let k = 229 + -74. Suppose 3*g + k = 5*s, 116 = -s + 5*s - 4*g. What are the prime factors of s?
2, 17
Suppose 4*p = 2*a - 16, 7 - 23 = -5*a + 2*p. Suppose -2*s + 375 = a*s + 3*n, 4*n - 468 = -5*s. List the prime factors of s.
2, 3
Let g(t) = -t + 2. Let l be g(-2). Suppose 0*v - 145 = -3*v + 5*q, -4*v = -l*q - 196. List the prime factors of v.
2, 5
Suppose -24*f + 18*f + 35904 = 0. What are the prime factors of f?
2, 11, 17
Suppose 3*d - 4*d + 3*m = -309, -d - 5*m + 309 = 0. List the prime factors of d.
3, 103
Let t(l) = -4*l**3 + l**2 - l - 1. Let a = -7 + 5. What are the prime factors of t(a)?
37
Let z(g) = -g**3 - 3*g**2 + 6*g - 5. Let y be 30/(-4) + 3/2. List the prime factors of z(y).
67
Let a be (4/(-7))/((-7)/49). Suppose -3*n = -3*d + 132, 4*d - 2*n = -a*n + 200. What are the prime factors of d?
2, 3
What are the prime factors of (38*3)/(30*16/2240)?
2, 7, 19
Suppose -801 = -4*h + 2387. List the prime factors of h.
797
Suppose 61*s - 10*s - 2703 = 0. Let p = 0 + 20. Let c = s - p. What are the prime factors of c?
3, 11
Let o(a) = 9*a**2 - 5*a. Let p(k) = 2*k + 6. Let f be p(-2). What are the prime factors of o(f)?
2, 13
Let v(f) = f - 6. Let r be v(6). Suppose -2*z = -5*a + 50, -5*a + z + 50 = -r*a. Let q = 14 - a. What are the prime factors of q?
2
Let q(a) = 77*a + 3. List the prime factors of q(4).
311
What are the prime factors of ((-34)/(-7) + -2)/(26/10283)?
2, 5, 113
Suppose 22*j - 5491 = 3*j. What are the prime factors of j?
17
Let i = -269 - -379. Let v = i + -73. List the prime factors of v.
37
Suppose 7*f + 164 = -3*x + 8*f, 0 = -3*x + 5*f - 172. Let t = x + 152. What are the prime factors of t?
2, 7
Suppose -28*m + 6 = -25*m. Suppose -10 = -m*h + h. Suppose -2*c - 2*c + 20 = 4*i, c = -4*i - h. What are the prime factors of c?
2, 5
Let j(u) = u**3 + 4*u**2 + u - 2. Let k = 35 - 20. Suppose k = v - 6*v. List the prime factors of j(v).
2
Suppose -4*l - 2*k + 318 = -1462, 4*l = 2*k + 1796. What are the prime factors of l?
3, 149
Suppose 0 = -3*s - b + 7, 4*s + 0*b = 3*b + 5. Suppose -4*k + s*z = -172, 2*z - 196 = -4*k - 2*z. What are the prime factors of k?
3, 5
Let m = 1174 - 167. What are the prime factors of m?
19, 53
Suppose 0 = 2*o - 5*o + 243. Suppose -3*l + o = -n, -l + 4*n + 6 = -32. Suppose -l = 2*m - 80. List the prime factors of m.
3
Suppose -584 = -5*m + 191. Suppose -2*x - 5*h + 66 = -29, -3*x + m = -5*h. List the prime factors of x.
2, 5
Let t = 97 - 96. Suppose 0 = g - t - 127. What are the prime factors of g?
2
Let g(r) = -r**2 - 5*r - 15. Let y be g(-7). Suppose 0 = -h + 86 - 19. Let d = h + y. What are the prime factors of d?
2, 19
Let z = -1005 - -3491. List the prime factors of z.
2, 11, 113
Let t be 40*(2 - (-10)/(-4)). Let p be 16/10 + (-8)/t. Suppose -2*r - 38 = -4*z, p*z + 5*r - 27 - 22 = 0. What are the prime factors of z?
2, 3
Let l be 2/4*-2 - -3. Let k(j) = j + 33. Let r be k(-30). Suppose d = -r*w - d + 53, -l*d - 32 = -2*w. List the prime factors of w.
17
Suppose 4*u - 14 = l, 3*l + 14 = 4*u + u. Suppose h - l*h = -14. What are the prime factors of h?
2, 7
Let f(z) = -95*z**3 + 5*z**2 + 4*z - 22. What are the prime factors of f(-4)?
2, 3061
Suppose s + 10 = 2*j, 4*s + 9 + 6 = 3*j. Suppose -2*a - j*d + 174 + 81 = 0, 2*a + d = 267. List the prime factors of a.
3, 5
Suppose r = -3*a - 4*r - 3, -2*a = -5*r + 